 + 2*q + 2. Suppose 2*o = o + 4. Suppose -o*c = -0*c. Suppose c*z = -3*z - 3*m, 4*m = -3*z - 5. Determine i(z).
-13
Let u(k) = k**3 + 12*k - 7*k**2 + 3*k - 16*k - 2 + 0 + 6*k. What is u(6)?
-8
Let y(p) = 60*p + p**2 - 95*p + 21 + 51*p. What is y(-15)?
6
Suppose -5*h = 5, 4*h = 2*n - 0*n + 36. Let m = -14 - n. Let k(x) = x - m - x**2 + 4 - 7*x. What is k(-6)?
-2
Let r(l) be the first derivative of 2*l**5/5 - l**4/12 + l**3/3 - l**2/2 + 14*l + 22. Let v(j) be the first derivative of r(j). Determine v(1).
8
Let n(w) = w**3 + 6*w**2 + 3*w - 10. Let q = -358 - -353. Calculate n(q).
0
Let f(x) = 14 - 2*x + 12*x - 3*x - 13. Let h(l) = 7*l. Let b(z) = 3*f(z) - 4*h(z). Give b(3).
-18
Let t(f) = 17*f + 9 + f**2 + 26*f + 24*f - 59*f. Determine t(-6).
-3
Let m(h) = -h**3 + 8*h**2 + 10*h - 3. Let d be m(9). Let g(p) = d + 0 + p - 4. Give g(-4).
-2
Let p(t) = 3*t - 2*t + 1 - 3*t. Let r(g) = 1 + 3*g + 3*g**2 + 0*g - 2*g**2 + 2*g. Let b be r(-4). Give p(b).
7
Let p be (-9)/4 + (-1590)/(-120). Let u(m) = m**3 - 11*m**2 + 2*m - 24. Determine u(p).
-2
Let z(o) = -7*o + 57. Suppose 5*n = 4*j - 7, 9 = 4*j - 2*n - 13. Determine z(j).
1
Let y(w) = -15*w**2 - 18*w. Let j be y(-1). Let f(d) be the third derivative of -d**6/120 + d**5/12 - d**4/8 + d**2. Give f(j).
9
Let v(i) be the third derivative of -i**5/60 + 7*i**4/24 + 7*i**3/6 + i**2 + 13*i. Calculate v(8).
-1
Let r(y) = 1 + 2*y - 38*y**2 - 34*y**2 + 71*y**2 + y**3 + 0 - 2. Determine r(3).
23
Suppose 3*t = t - 12. Let s = 4 + -6. Let k be t/(-1)*(-1)/s. Let u(w) = -4*w. What is u(k)?
-12
Suppose -j + 8*j = 21. Let y(h) = j - 12*h - 7*h - 4 + 8*h. Calculate y(1).
-12
Suppose -4*u - 3*y + 4 = -19, 0 = -u - 2*y + 12. Let z(j) = 6*j**2 - 2 - 2*j**3 + j - 5*j**u + 0*j. Let h(m) = 11*m - 20. Let s be h(2). What is z(s)?
-12
Let t(m) = -5*m**2 - 5166*m + 5166*m + 3. What is t(2)?
-17
Let f(n) = -8*n**2 + 8*n - 3. Suppose -4*m - 115 + 123 = 0. What is f(m)?
-19
Let z(r) = r**2 + 7*r - 6. Let q = -291 + 284. What is z(q)?
-6
Suppose -25 = -j + 4*x, 0 = 4*j - 2*x - 0*x - 100. Suppose -5*g - j = 0, 5*l - 2*g = -4*g + 20. Let u(n) = n - 4. Determine u(l).
2
Suppose 8*o - 40 = 3*o. Suppose 5*s = o*s - 24. Let y(n) = -n**3 + 9*n**2 - 8*n + 9. What is y(s)?
9
Let z(d) = 2*d**2 + 8*d - 5. Let g(v) = -v**2 + 7 - 13 + 2*v**2 + 8*v. Let t(w) = 3*g(w) - 2*z(w). Let q be 2/(-9) + 224/36. Determine t(q).
4
Let l(p) = p**2 - 3*p - 8. Let h(t) = -55*t - 216. Let z be h(-4). Give l(z).
-4
Let s(w) = -w + 1. Let o be s(-4). Let a(z) = 848 - 1684 - z + 835. Give a(o).
-6
Let a(y) = 2*y**2 + y + 3. Suppose -4*u = 5*x + 4, 5*x - 6 = u - 30. Determine a(x).
31
Let z(i) = -i**2 - 3*i. Suppose 0 = -6*q + 9 + 3. Let k = q - -2. Let u be k*20/32*-2. Determine z(u).
-10
Let s(q) be the third derivative of q**4/12 - 2*q**3/3 - 5*q**2. Let i be 2 + 2 + 3 - 3. What is s(i)?
4
Let a(t) be the first derivative of t**4/4 - 4*t**3/3 - 2*t**2 - 2. Let h = -85 + 90. Determine a(h).
5
Let p be (-1)/2*0 + 2. Suppose 0 = 6*y - 8*y + 38. Let a(b) = y*b**2 - 9*b**2 - 7*b**2 - 5*b**2 + 1. What is a(p)?
-7
Let l(u) = 0 - 5 - 4*u + 10*u**2 - 9*u**2 - 2. Let h(m) = -m**2 + 7*m - 3. Let q be h(5). What is l(q)?
14
Let l be 6 + (4 - 7) + -1. Suppose -4*n + 10 = -3*s + l, 0 = -s - 5*n - 9. Let g(u) be the first derivative of -u**3/3 - 4*u**2 - 2*u + 1. Determine g(s).
14
Suppose 0 = -10*s - 384 + 344. Let l(q) = q**2 + 9*q + 10. What is l(s)?
-10
Let a(o) be the second derivative of o**4/12 - 7*o**3/6 + 2*o**2 + 17*o. Suppose 0 = -3*m - 9, -4*d = -d - 3*m - 33. Let z be d/20 + 56/10. What is a(z)?
-2
Suppose 10 - 122 = -14*v. Let h(p) = -p**3 + 7*p**2 + 7*p + 6. Give h(v).
-2
Let s(t) = 2*t + 7. Suppose 15*o = 20*o - 5, 5*o + 12 = a. Calculate s(a).
41
Let z(h) = 3*h**2 + 42*h - 46. Let u(c) = 2*c**2 + 28*c - 29. Let b(f) = -7*u(f) + 5*z(f). Determine b(-15).
-12
Suppose -38 = 22*q - 26*q + 2*m, -2*m = 4*q - 42. Let j(i) = i - 11. Give j(q).
-1
Suppose 18 = -2*y + 4*x, -5*y - 4*x + 8 + 3 = 0. Let o(h) be the first derivative of -11*h**4/4 - h**3/3 + h**2/2 + h - 2. What is o(y)?
10
Let i(v) = 11*v - 205. Let u be i(18). Let g(r) = -r**2 - 8*r - 3. Calculate g(u).
4
Let l(s) be the second derivative of -s**5/20 - 13*s**4/12 + 5*s**3/2 + s**2/2 + 406*s. Calculate l(-14).
-13
Let a be 1 - (-1 + (2 - 2)). Let l be 145/13 + a/(-13). Let p(q) = -2*q - 5*q + 4 + 6 - l + q**2. Determine p(6).
-7
Let o(t) = -10*t**2 + 7*t + 42. Let r(p) = 3*p**2 - 3*p - 14. Let v(y) = 2*o(y) + 7*r(y). What is v(10)?
16
Let o(d) = d**2 - 3*d - 2. Let q be (-4)/(-8) + 9/6. Let a be (-35)/(-10) - (-1)/q. Calculate o(a).
2
Let v(i) = i**3 - 6*i**2 + 5. Let g be v(6). Let j = -3 + g. Let n(a) = a**2 - 14 + 7 + j - 5*a. What is n(5)?
-5
Let r = -14 - -29. Suppose 6*a - 3*a = r. Let i(f) = 3 + 0*f**2 - a*f + 2*f**2 - f**2 + 10*f. Determine i(-5).
3
Let h(d) = d**3 - 3*d**2 - 2*d + 1. Let w be ((-4)/10)/(1/(-5)). Suppose 0 = -2*p + 4*k - 10, -w*p = -0*p - 3*k + 11. Let n = -4 - p. Determine h(n).
-5
Let o be (3/6)/(3/36). Let n(r) = -2*r**2 + 11*r + 8. Determine n(o).
2
Let x be 5 - ((-16)/(-4) - 0). Let s be (3 - 2 - x)/(-2). Let q(d) be the third derivative of d**4/24 + 7*d**3/2 - 2*d**2. Give q(s).
21
Let b(n) = n**3 + 3*n**2 - 2. Let l be 1 + 16 - (-7 + 7). Let i = l - 20. Determine b(i).
-2
Let w(q) = -q**2 + 8*q - 7. Let f be w(7). Let d = f + 2. Suppose -5*j - 7 = -d. Let m(o) = 6*o**2. Give m(j).
6
Let b(a) be the first derivative of -a**4/4 - 4*a**3/3 - a**2 + 3*a + 43. Give b(-3).
0
Let m(j) = 3*j + 0 + 4 - 3 - 16*j. Calculate m(-1).
14
Let c(x) = -x**3 - x**2 + x + 1. Let h = 47 - 50. Let q(v) = 3*v**2 + 2*v + v**3 - 2*v. Let o be q(h). Give c(o).
1
Let w(s) = s**2 - 6*s - 2. Let x(f) = -2*f**2 + 13*f + 5. Let t(c) = -7*w(c) - 3*x(c). Let b be (8 + -9)/(1/(-2)). Determine t(b).
1
Let l(h) = 10*h - 2. Let d(m) = 4*m - 1. Let v(z) = 17*d(z) - 6*l(z). Let j be v(2). Let r(f) = -f + 10. Calculate r(j).
-1
Let j = 33 + -31. Let x(g) = j*g - 4 - 3 + 8. Calculate x(-4).
-7
Let a(g) be the second derivative of 3*g**3/2 + g**2 + 28*g. Let b be (-1)/3 + 20/(-12). Give a(b).
-16
Let x(v) = 5*v - 6. Let j(h) = -h - 1. Let w(m) = -6*j(m) - x(m). Let z = 12 + -34. Let a = -28 - z. Calculate w(a).
6
Suppose 0 = 4*g + 3*l - 16, -g - 12 = -4*g - 3*l. Suppose 2*v = 5*v - 6. Let f(c) = c**2 + 0 - 1 - c + g*c - v*c**2. Determine f(2).
1
Let t(m) = m**2 + 2*m - 1. Let j(g) = 11*g + 6. Let a be j(3). Let p = a - 41. What is t(p)?
-1
Let s(n) = n**2 + 4. Let j be s(-3). Let d = j + -9. Let m(w) = -d*w + 5*w - w + 1 + 2*w. Give m(-4).
-7
Let z(g) = g. Let w(y) = 13*y - 5. Let o be w(1). What is z(o)?
8
Let m(c) = -c**3 - 14*c**2 - 13*c + 8. Let x = -1506 + 1493. What is m(x)?
8
Let v(x) = -4*x**2 - 9*x + 11. Let h(a) = 5*a**2 + 10*a - 13. Let z(j) = 5*h(j) + 6*v(j). Give z(9).
46
Let w(n) = n**3 - 4*n**2 - 6*n + 6. Suppose 3*o - 19 - 17 = 0. Let y = o - 4. Let f = 13 - y. Give w(f).
1
Let m(p) = -p**3 - 4*p**2 + 2. Let z be (-36)/(-63)*(7 - 0). Let q(s) = -s**3 + 4*s**2 - s. Let w be q(z). Give m(w).
2
Let c(q) = q + 16 - 6 - 9 + 5*q. Give c(3).
19
Let m(n) = -7*n + 1. Let h(c) = -c**2 - 10*c + 10. Let o be h(-11). What is m(o)?
8
Let h(l) = 2 + 8779*l**3 + 4 - 8780*l**3 + 15*l**2. Calculate h(15).
6
Let u(l) = l - 93. Let g(d) = -93. Let q(k) = -3*g(k) + 4*u(k). Let j be q(25). Let n(f) = -f**3 + 8*f**2 - 7*f + 10. Calculate n(j).
10
Let i be 1 + 8 + -3 - 4. Let m(u) = i - 12*u + 1 + 10*u. What is m(5)?
-7
Let p(s) = 4*s - 2. Let o(y) = 5*y + 1. Let m(q) = 2*o(q) - 2*p(q). Calculate m(-4).
-2
Let v(b) = -1 - 3*b + 0 - 5. Let m(n) = n**3 - 2*n - 1. Let x be m(-1). Suppose x = s + 4. What is v(s)?
6
Let q be (-3)/9 - (-2)/6. Suppose q = j + 4, 0 = -w - 3*j - 21. Let n(t) = -3*t + 9. Let b(i) = i - 2. Let c(g) = w*b(g) - 2*n(g). Give c(2).
-6
Suppose 4*r + 0*o + 3*o = 42, -5*r + 54 = 3*o. Suppose -4*x + 12 = 0, -w + x - r = 2*w. Let f(v) = v**3 + 5*v**2 + 3*v - 2. Give f(w).
7
Suppose -2*z = 2*z - 20. Suppose z*j - 29 = 51. Suppose j*s - 14*s = 0. Let b(u) = u + 13. Give b(s).
13
Let b(p) = p**3 - 4*p**2 + 7*p - 23. Let d be b(4). Let v(r) = r**3 - 4*r**2 - 2*r - 4. Calculate v(d).
11
Let i be 0 + 4 - 2 - -3. Suppose -2*t + 13 = i. Let d(v) = -1 - t*v + 0 - 2. Calculate d(-2).
5
Let i(w) = -w**3 - 8*w**2 - 5*w